 Determine q(o).
2
Let j(v) = -8*v - 4 + 4*v - v**2 + 4*v. Suppose -6*x = -x. Calculate j(x).
-4
Let k(z) = z**3 - 3*z**2 - 3*z. Let h be k(4). Let j(w) = -h + w - 3*w + w. Calculate j(-5).
1
Let z(d) = 3*d. Let y be z(-2). Let p(a) = -14*a**2 + 15*a**2 - 1 + 1 + 9*a + 4. Determine p(y).
-14
Let q(f) = f**2 - 2*f + 2. Suppose -x = 2*x + 5*r - 15, 4*r = 3*x - 42. Let w be (-13)/26 + x/4. Calculate q(w).
2
Let g(v) = -5*v**3 - 4*v**2 - 4*v - 2. Let r be g(-2). Suppose 2*u = -3*u - r. Let x be (u/9)/(1/3). Let d(i) = i**3 + i**2 + i. Calculate d(x).
-6
Suppose 8 = d + t, 6*t = 3*d + 2*t - 31. Let y = -7 + d. Let w be (y/6)/((-2)/(-24)). Let v(f) = -f**2 + 6*f - 6. Calculate v(w).
2
Let d be 0 + -3 + 5/1. Let o(x) = 4*x - 6 - 3*x + 2*x**2 + 2 - x**d. Determine o(0).
-4
Let k(s) = -3*s**2 + 4*s - 2. Let p(v) = -v**2 - v + 1. Let z(y) = y**3 + 5*y**2 - 4*y + 6. Let m(i) = -4*p(i) + z(i). Let l be m(-9). Calculate k(l).
-6
Let c be 2/2 + 3 - 1. Let f(b) = b + 4*b - 2*b + 0*b. Calculate f(c).
9
Let k(x) be the second derivative of -1/2*x**2 + 0*x**3 + 0 + 0*x**4 + 1/10*x**5 + x. Calculate k(1).
1
Let z(h) = -h**3 - 3*h**2 + 3*h + 4. Suppose -26*j - 12 = -23*j. Determine z(j).
8
Let q be (-10 + 6)*(-2 + 3)/1. Let x(r) = 4*r + 5. Give x(q).
-11
Let u(c) = -c**3 + c**2 + c - 1. Let o(y) = -2*y**3 + 7*y**2 - 5*y + 2. Let t(w) = o(w) - u(w). Determine t(5).
-2
Let w(a) = -6*a. Let k = -173 - -174. Determine w(k).
-6
Suppose 3 = -t, 3*x - 2*t - 1 = 11. Let i be x - (0 - (2 + 0)). Let d(b) = b**3 - 5*b**2 + 2*b + 3. Determine d(i).
-5
Let v = -1 + 7. Let i(f) = 4 + f**2 + 5*f + v - 7. Determine i(-5).
3
Let j(n) = -4*n**3 - n. Let w be j(-1). Let f(q) = -q**3 + 4*q**2 + 8*q - 5. What is f(w)?
10
Let c(j) = -3*j + 4. Let x(t) = -t + 3. Let a(g) = -2*c(g) + 3*x(g). Let w = -8 - -5. What is a(w)?
-8
Let m(s) = s**2 - 7*s + 2. Suppose -2*t = 4*w - 20, -3*w + 2 = 2*t - 16. Give m(t).
-4
Suppose -4*t = -5*t. Let k(m) be the second derivative of m**5/20 - 9*m**2/2 - 14*m. Give k(t).
-9
Let c(w) = 3*w**2 - 26*w - 20. Let f(k) = -k**2 + 9*k + 7. Let d(i) = -3*c(i) - 8*f(i). Suppose 4*b = 2*y + 30, -4*b + y = -b - 20. Calculate d(b).
9
Suppose -n - 3*h = 11, -29 = -n + 3*h + 2*h. Let y(c) = -3*c**2 + 2*c + 3*c**2 + 1 - n*c**2. What is y(-1)?
-5
Let c(z) = 5*z - 2. Suppose 0*a + a + 8 = 0. Let h(b) = -3*b + 1. Let k(v) = a*h(v) - 5*c(v). What is k(2)?
0
Let n = -30 - -27. Let l(q) = 4*q + 0*q - q**2 - 6*q. Give l(n).
-3
Let v(r) = -4*r + 18. Let d be v(6). Let c(z) = -2*z - 5. Determine c(d).
7
Let y(u) = -u**3 + u - 4. Let d be y(0). Let w(g) = g**3 - g**2. Let s(l) = l**3 - 6*l**2 - 2*l - 2. Let t(o) = s(o) - 2*w(o). What is t(d)?
6
Let o(d) = -d - 2. Suppose -3*a + 29 = 41. What is o(a)?
2
Let t(a) = -4*a**2 - 22*a - 7. Let w(j) = j**2 + 7*j + 2. Let b(d) = 2*t(d) + 7*w(d). Suppose 4 + 16 = 5*n. Let o be b(n). Let z(x) = 2*x + 5. Give z(o).
13
Suppose 5*o + x = -2*x, -3*x + 21 = -2*o. Let s = o - 2. Let c(y) = -y**3 - 4*y**2 + 6*y + 3. Calculate c(s).
-2
Let m(o) = 54 - 52 + 4*o - o**2 - 2*o. Calculate m(-3).
-13
Let u(o) = 12*o**3 - 3*o**3 - 7*o**3 - o**2 - o. Determine u(2).
10
Let m(b) = 2*b**2 - 13*b - 6*b**2 + 3*b**2 - 12. What is m(-12)?
0
Let d(n) = -3*n**2 + n. Suppose -4*l = -4*t - 56, 0 = 3*t - 10*l + 5*l + 50. Let j = t + 9. Calculate d(j).
-4
Let f(m) = 0*m + 5 - 2*m - 2*m - m**3 - 5*m**2 - 2. Let q be (-78)/18 + (-1)/(-3). Give f(q).
3
Let a(z) = 7*z**2 + 5*z - 9. Let m = -34 + 21. Let l(h) = -15*h**2 - 10*h + 18. Let w(g) = m*a(g) - 6*l(g). What is w(-7)?
-5
Let x(p) = -6*p**2 - 2*p + 1. Let q be 2*(0 + 1/2). Let i be (1/q)/(3 + -2). Determine x(i).
-7
Let k(z) = -7*z**2 - 5*z - 1. Let c(a) = -7*a**2 - 6*a - 1. Let f(u) = 3*c(u) - 4*k(u). Calculate f(-1).
6
Let k = -2 - -10. Let u(w) = 6*w - k*w + 1 - w. Suppose 3 = -2*s - s. Give u(s).
4
Let v(o) = o**3 - 4*o**2 - 1. Let g be v(4). Let w(q) = 2*q + 7*q**2 - 2*q**2 + q**2 - q. What is w(g)?
5
Let i(x) = -3*x**3 + 3*x**2 - 2*x + 1. Let q(z) = 2*z**3 - 2*z**2 + z - 1. Let u(a) = -3*i(a) - 5*q(a). Calculate u(0).
2
Let c be -12*((-10)/(-36) + (-10)/(-45)). Let o(f) = f**2 + 6*f + 4. Give o(c).
4
Let s(d) = -d**2 - 2*d - 4. Let p = 12 - 17. Let y = -8 - p. Determine s(y).
-7
Let x = 1 + -3. Let q(t) = t**3 - 5*t**2 + 3*t + t**3 + 1 + 9*t**2. Give q(x).
-5
Let k(n) = -7*n**2 - 9*n + 17*n**2 - 3*n - 11*n**2. Determine k(-11).
11
Let s(p) = -p**2 + 9*p - 4. Let q be s(8). Let h(r) be the second derivative of r**4/12 - r**3 + r**2/2 - 6*r. Give h(q).
-7
Let g(l) = 9*l**2 - 3*l**2 - 7 - l - 5*l**2 - 3*l. Calculate g(5).
-2
Let d be 40/(-35)*(-21)/6. Let t(v) = 3*v - 4. Let g be t(6). Suppose -2*w = -d*r + g, 0*r + 4 = r. Let s(c) = c**2 + c - 1. Determine s(w).
1
Let n(h) = -4 + 11*h - 3 - h**2 + 2 - 2*h. Give n(8).
3
Suppose -3*p - 6 = g + p, -2*g = -4*p - 12. Let x(s) = 2*s**3 - s**2 - 2*s + 1. Calculate x(g).
9
Let y(m) be the third derivative of -m**6/120 + m**5/20 + 5*m**4/24 + m**3/3 - m**2. Calculate y(4).
6
Suppose -3*u - 2*u + 3*g = 55, 0 = u - 2*g + 18. Let l(a) = -a**3 - 7*a**2 + 7*a - 11. Give l(u).
-3
Let d(h) be the third derivative of h**6/360 - h**5/24 - h**4/12 - 3*h**2. Let m(t) be the second derivative of d(t). Let g = 15 - 11. Give m(g).
3
Let t(p) = p - 3. Suppose 0 = 2*u - 2*d + 12, 0 = 12*u - 15*u + 5*d - 16. Determine t(u).
-10
Let v(y) = -3 + y - y + 2*y. Let l = 22 + -18. Give v(l).
5
Let s(p) = p + 1 - 2*p + 0*p + 2*p. What is s(-6)?
-5
Suppose -7*a + 12*a = -15. Let k(h) = h**3 + 2*h**2 - 2*h - 4. Give k(a).
-7
Let k(i) = 10*i + 4. Suppose 0 = -3*d + 3*m - 21, -d = 3*m + 15. Let g be 6/((-3)/d*3). Let x(z) = 11*z + 5. Let y(u) = g*x(u) - 7*k(u). Determine y(-2).
10
Suppose -1 = 3*i + 5*o, 2*i = -i - 3*o + 9. Let h be (-6)/i*(-10 + 6). Let k(g) = -g**3 + 2*g**2 + 4*g. Give k(h).
3
Let m(y) = y**3 - 11*y - 3. Let s(a) = -a**3 + a**2 + 12*a + 3. Let l(k) = 6*m(k) + 5*s(k). Calculate l(-6).
-3
Let x(b) = -b + 3*b - b**3 + 2 - 3. Let m(g) = -g - 5. Let t(l) = 1. Let p(a) = -m(a) + 5*t(a). Let u be p(-8). Determine x(u).
-5
Let l(x) = x + 4. Let u be (-7)/((-7)/(-22)) - -1. Let b = u - -15. Determine l(b).
-2
Suppose 2*r = -2 + 2. Let z(y) be the third derivative of r - 1/60*y**5 + 7/6*y**3 + 0*y + 4*y**2 - 1/24*y**4. Calculate z(0).
7
Let d(w) = 35 + 2*w**2 - 2*w + 36 - 72. Let s(r) = 2*r**2 - 3*r + 1. Let a be s(2). Give d(a).
11
Let m(s) = s**2 - 1. Let l(b) = 2*b**2 + b + 12. Let r(k) = -l(k) + 3*m(k). Determine r(0).
-15
Suppose 3*f - g = 14, 2*g + 8 = -2*g. Suppose -5*k + 17 = -0*d + f*d, -d = 4*k - 7. Let b(z) = -6*z**3 + 7*z**d - 4*z**2 - 1 - 6*z - z**2. Calculate b(6).
-1
Let z(a) = 7*a + 8 - 4*a - 9. Suppose 0 = t - 6*t - 5*w + 25, 4*w = 0. Let g = -3 + t. Calculate z(g).
5
Let y be 11/5 - 1/5. Let r(s) = -3*s**2. Let g(o) = 2*o**2 - o. Let w(v) = v**2 - v. Let k(m) = g(m) - w(m). Let h(l) = y*k(l) + r(l). What is h(0)?
0
Suppose -a = 4*a - 30. Let z(k) = 3*k - 4. What is z(a)?
14
Suppose -5 = -w, 3*w - 51 = -4*h - 20. Let p(a) be the third derivative of 0*a**3 - 1/60*a**5 + 0 - 3*a**2 + 0*a - 1/8*a**h. What is p(-3)?
0
Let b(o) = 2*o + 3*o**2 + o - 4*o**2 + o + 2. Suppose 0 = 5*i - 3*i - 6. Calculate b(i).
5
Let i(s) = 15*s + 23. Let o(d) = 7*d + 11. Suppose 5*w - 4 = -4*n, -n + 4*w + 14 = -8. Let z(g) = n*i(g) - 13*o(g). What is z(-3)?
-2
Let v(y) be the third derivative of y**5/30 - y**4/24 + 5*y**2. Let l be v(-1). Let p(c) be the first derivative of c**2/2 - c - 1. Give p(l).
2
Let c(w) = w**2 + 1. Let i be c(2). Let g(f) = -2*f - 4. Let b(k) = 6*k + 13. Let s(j) = 2*b(j) + 7*g(j). Determine s(i).
-12
Let m(d) = -d**3 - 5*d**2 - d - 7. Let a be ((-4)/(-6))/(1/9). Suppose -a*b = -2*b - 56. Suppose -2*r - 22 = 2*h + 2*h, 2*h - b = 4*r. Give m(r).
-2
Let h(t) = -t**2 - 13*t - 36. Let f be h(-7). Let i(c) = c**2 - 7*c + 2. Calculate i(f).
-4
Let b(f) = -f + 9*f - 6*f. Give b(5).
10
Let f be 1/(-4) - 1*(-22)/(-8). Let c(a) = a**2 + 3*a - 2. Give c(f).
-2
Let r(n) = 3*n**2 - 3*n - 7. Let m(j) = 16*j**2 - 14*j - 36. Let f(c) = -2*m(c) + 11*r(c). Determine f(6).
1
Let r be 4/(-10) - 6/(-15). Suppose r = 6*k - 11*k - 5. Let j(u) = -6*u**3 - u**2 - 2*u - 1. Determine j(k).
6
Let j(b) = b**2 - 4*b - 4. Let u be (0 - (3 + -6)) + -2. Let s be ((0 + 1)*u)/(-1). Let t(q) = 6*q**2 - q 